of d.
577
Let a(h) = -h**3 - 9*h**2 - 8*h + 2. Let t be a(-8). Suppose -2*i + 307 = -i - 5*g, 3*g - 640 = -t*i. What are the prime factors of i?
317
Let v be (5/(-3))/((-21)/63). Suppose v*i - 230 = 3*u, -45*u = 3*i - 48*u - 138. List the prime factors of i.
2, 23
What are the prime factors of 5 + 20012 + (-3)/(-9) + 10/6?
3, 6673
Let t(o) = -o**3 - 14*o**2 - 11*o - 16. Let u be t(-13). List the prime factors of (-2416)/(-12) - (-56)/u.
2, 5
List the prime factors of -48 + 2209 + 8*(-4)/(-8).
5, 433
Let c(n) = 1586*n**2 - 57*n - 98. What are the prime factors of c(-2)?
2, 3, 5, 53
Let x(j) = 75*j**2 + 16*j - 345. What are the prime factors of x(12)?
3, 7, 13
What are the prime factors of (9/(-15))/(21/(-10)) - 197704/(-14)?
2, 23, 307
Let x be 34/4 - (6/4)/(-3). Suppose -5*t + x*i = 4*i - 460, -t = 3*i - 72. Let z = t + -72. What are the prime factors of z?
3, 5
Let b = 50 - 41. Suppose 0 = b*n - 55 - 125. List the prime factors of n.
2, 5
Let y(t) = -39*t + 1. Let q(h) = -h**3 - 5*h**2 - 4*h - 1. Let a be q(-4). Let g(x) = -x + 1. Let u(z) = a*y(z) - 4*g(z). List the prime factors of u(3).
2, 31
Let u(a) = 27*a**2 + 3*a + 6. Let j be u(-4). Suppose 3*v - j = -2*q + 1617, -2*q + 2050 = -4*v. List the prime factors of q.
3, 11, 31
Suppose 0 = -4*k - k - 25. Let u(l) = 3*l**2 - 43*l - 184. List the prime factors of u(k).
2, 53
Let f = -99543 - -190701. What are the prime factors of f?
2, 3, 15193
Suppose -494 = -4*l - 254. Suppose 53*a + 3766 = l*a. List the prime factors of a.
2, 269
Suppose -1957 = -p - 49*o + 50*o, -5*o + 1921 = p. What are the prime factors of p?
1951
Suppose 29*k = 20*k + 61173. What are the prime factors of k?
7, 971
Suppose -3*p + 5*i = -26280, -3*p - 255*i + 26280 = -259*i. What are the prime factors of p?
2, 3, 5, 73
Let d be -8 - (-10 - (5 + -10)). Let w(o) = -o**2 + 12. Let c be w(d). Suppose -92 = -c*z + 25. What are the prime factors of z?
3, 13
Suppose 3*k + 2*b = -10, -4*k + b = 3*b + 10. Suppose 0*g + 3*g + 12 = 0, 3*d + 2*g + 173 = k. Let o = d - -182. What are the prime factors of o?
127
Let r = 42153 + -25805. List the prime factors of r.
2, 61, 67
Let x be (-10 - 136/(-14)) + 275/7. Let y be -12*((-4)/(-6) - 1). Let c = x - y. What are the prime factors of c?
5, 7
Suppose -567 = -6*w - 159. Let l = w + -73. Let g(n) = -n**3 + n**2 + 8*n + 11. List the prime factors of g(l).
11
Let x = 29972 - 19360. What are the prime factors of x?
2, 7, 379
Let w(b) = -b**3 + 4*b**2 + 4. Let k be w(4). Suppose -k*p - 4660 = 3*l, -3*p + 2*p - 1156 = 3*l. List the prime factors of (-20)/(-150) + p/(-15).
2, 3, 13
Let o = 93 + -45. Let b be (-5)/40 + 3/o*10034. Suppose 5*a - 2*a = b. List the prime factors of a.
11, 19
Let n = -61 + 109. Let q = n - 47. List the prime factors of (2*q/(-4))/(18/(-3060)).
5, 17
Let g(r) = -1894*r - 5850. What are the prime factors of g(-20)?
2, 5, 3203
Let n = -4490 - -11928. List the prime factors of n.
2, 3719
Let d = 4985 + -3162. List the prime factors of d.
1823
Let k be (-108)/18*2/(-3). Suppose -3*n = 5*i + 46, 2*n = k*i + 7 - 1. Let a = n - -14. What are the prime factors of a?
7
Let d = 23 - 23. Suppose d = -7*b + 4*b - 69. Let a = b - -84. List the prime factors of a.
61
Let h(r) = 4*r**3 + 16*r**2 + 27*r - 27. What are the prime factors of h(8)?
3, 1087
Let z(i) = 4*i**2 - i - 18. Let c(v) = v**3 - 11*v**2 + 15*v - 59. Let w be c(10). List the prime factors of z(w).
3, 5, 7
Let h(k) = -k**2 + 9*k + 35. Let i be h(11). Let r(q) = -45 - 26*q - i + 7. List the prime factors of r(-10).
11, 19
Let w(v) be the second derivative of 27/2*v**2 + 0 - 5/3*v**3 + 19*v. List the prime factors of w(-13).
157
Suppose 3*y - 35286 = -5*h + 111020, 4*y - 2*h = 195144. What are the prime factors of y?
2, 24391
Suppose 3*a = 3*k + 102, 2*k + 31 + 32 = 3*a. Let c = 141 + k. What are the prime factors of c?
2, 3, 17
Suppose 0 = 4*a + 2*w + 8, 2*w + 2 = -3*a - 3. Let q be (-5 - -1) + 152 + a. Suppose 3*p - 137 = q. List the prime factors of p.
2, 47
Let l(p) = 3*p + 38. Let i be -4 + 1 + 2 + (-42)/(-2). List the prime factors of l(i).
2, 7
Let j(o) = -1417*o + 677. List the prime factors of j(-3).
2, 7, 11
Let a(t) = -4*t**3 + t**2. Let y be a(1). Let p(h) = -8*h**3 - h**2 + 6*h + 15. What are the prime factors of p(y)?
2, 3, 17
Suppose g = 114 + 127. Let q = g + 157. What are the prime factors of q?
2, 199
Suppose -22 = -3*c + 2*x - 2, -c - 5*x = -1. Let i(q) = -q**2 + 6*q + 8. Let j be i(c). Suppose j*s - 545 - 647 = 0. What are the prime factors of s?
149
Suppose -23*o - 25 = -3*m - 28*o, 3*m - o = 49. Suppose -57 = -5*k - 4*l, k + 12*l = 13*l + m. List the prime factors of k.
13
Let g(s) = -s**3 + 87*s**2 + 89*s - 45. What are the prime factors of g(87)?
2, 3, 1283
Let a(q) = 120*q**2 - 27*q + 35. List the prime factors of a(-5).
2, 5, 317
Let u be (-35)/(-42) - 15/18. Suppose 4*a - 597 - 1191 = u. List the prime factors of a.
3, 149
Let i(q) = -2095*q - 1128. What are the prime factors of i(-4)?
2, 7, 37
Let f(k) = -2*k**3 - 4*k**2 + 3*k + 10. Let q be f(-2). Suppose -q*j + 5*j - 2*t - 486 = 0, t + 2466 = 5*j. What are the prime factors of j?
2, 13, 19
Let n be 78*((-85)/(-15) - 5). Let g = n + 16. List the prime factors of g.
2, 17
Suppose 7587*j - 7588*j = -12544. What are the prime factors of j?
2, 7
Let d = 38 + -70. Let y = 273 - d. List the prime factors of y.
5, 61
Let r = 1252 - -1932. Let k = r - 1791. List the prime factors of k.
7, 199
Let y(h) = -3*h**2 + 14*h - 28. Let n be y(2). What are the prime factors of n/(-42)*-7*174/(-4)?
3, 29
Let f be 1 + (0 - 1) - (4 - 5). Let l be f/((-375)/(-185) - 2). Suppose 8*n = 99 + l. What are the prime factors of n?
17
Let t(j) be the first derivative of 3*j**4/4 - 6*j**3 + 6*j**2 - 14*j - 176. What are the prime factors of t(10)?
2, 653
Let f = -3394 + 454. Let j = f + 4145. List the prime factors of j.
5, 241
Suppose 3*x + 7*q - 18 = 3*q, 19 = 2*x + 5*q. Suppose o - 139 - 289 = x*k, 1660 = 4*o + 5*k. List the prime factors of o.
2, 3, 5, 7
Suppose 30 = 5*w + s - 6*s, 4*w + s - 29 = 0. Let l(b) = b + 35. List the prime factors of l(w).
2, 3, 7
Suppose 2*g = 17*m - 15*m + 44, 0 = -3*g + 9. Let z(i) = -i**2 - 28 - 10 - 20*i - 5*i. What are the prime factors of z(m)?
2, 19
Suppose 39*q + 92474 = 41*q - 3*c, 0 = 2*q + 2*c - 92434. What are the prime factors of q?
5, 43
Let v(b) = 6*b - 19. Let k be v(4). Suppose -k*c + 2*t = -1170, 0 = 3*t - 2*t. Suppose -4*a + c = 2*p, 3 = -2*a + 7. What are the prime factors of p?
113
Let y be (-2 + 1 - -21)*(-357)/(-42). Let a = 1 + y. List the prime factors of a.
3, 19
List the prime factors of ((-5)/(150/(-504)))/(3 - (-44034)/(-14680)).
2, 7, 367
Suppose 8*a - 45652 = 544 - 5108. List the prime factors of a.
2, 3, 107
List the prime factors of (4 + 62)*708/9.
2, 11, 59
Suppose 107*d - 936841 = 1714936 - 74682. List the prime factors of d.
5, 4817
Let g(b) = 28*b + 72. Let q be g(23). List the prime factors of (-6)/(-12)*q/(-2)*-1.
179
Suppose 0 = 4*q - 2*r - 53580, 10*r + 20 = 5*r. List the prime factors of q.
59, 227
Suppose -3*n = 3*u - 30, 20 = -2*u + 7*u. Let l be (-3)/n*((-1 - -2) + -17). Suppose l*j - 4 = 6*j. What are the prime factors of j?
2
Let h(b) be the first derivative of -2*b**3/3 - 9*b**2/2 - 4*b + 6. Let l be h(-4). Suppose 0 = -6*g - l + 1398. List the prime factors of g.
233
Let x be 159/(-12) - 3*7/(-84). Let d = x + 27. What are the prime factors of d?
2, 7
Let v(m) = -29*m**2 - m + 49*m**2 + 97 - 19*m**2. What are the prime factors of v(32)?
3, 11
Suppose 5*o - 2572 = -3*i + 1497, -5*o + 4083 = i. List the prime factors of o.
2, 409
Suppose -2*k + k - 8 = 5*f, -2*k + 4 = 5*f. Suppose -o - 4*o + 40 = 0. Suppose o = u - k. What are the prime factors of u?
2, 5
Suppose -8*b - 6*b + 3724 = 0. Suppose -b*s - 53 = -267*s. List the prime factors of s.
53
What are the prime factors of (-2)/13 + 64746/39 + -7?
3, 19, 29
Let l(a) = 149*a**2 + 38*a + 129. List the prime factors of l(-12).
3, 7043
Suppose 2 + 72 = 2*a. Suppose -4*h + 4*k = -a + 9, -5*h = 2*k - 56. List the prime factors of (-20)/(-3)*18/h.
2, 3
Suppose 2*k - 3*m - 5 = 0, -k = -4*k - 2*m + 1. Let p(i) = 6*i**2 + i - 1. Let j be p(k). Suppose j*s = 12*s - 624. List the prime factors of s.
2, 13
Let q = 920 - 353. Let k = q + -53. What are